nder when w is divided by (4 - -2) + (-1 - (-2 + 1))?
1
Suppose 13*q - 31 = 12*q. Suppose 3*u - 5*a = q + 2, u + a - 3 = 0. Let f(p) = -p**2 - 2*p + 1. Calculate the remainder when u is divided by f(-2).
0
Let m = -1 + 9. Let t(w) = -14*w - 58 + w**2 - 57 + 196 - 67. What is the remainder when t(0) is divided by m?
6
Suppose 0 = -3*q - 4*q - 10*q + 2805. Calculate the remainder when q is divided by 151.
14
Let b(k) = 6*k**2 - 34*k + 1. Suppose -3*c = r, 184*r - 186*r - 5*c + 4 = 0. What is the remainder when b(6) is divided by r?
1
Let t(y) = -33*y**3 + 27*y + 48. What is the remainder when t(-2) is divided by 134?
124
Let j be -4*1*(-7 + 5 - -4). Let v be (332/j + -1)*(-2 - 10). Suppose -93*d - v = -98*d. What is the remainder when d is divided by 21?
18
Suppose 149*d - 156*d = -3017. Suppose -6*p + d = 29. Calculate the remainder when 196 is divided by p.
62
What is the remainder when ((-68)/3)/(193/39 + -5) is divided by 50?
42
Suppose -8 + 18 = -2*u, -3*r + 135 = -3*u. Calculate the remainder when 136 is divided by r.
16
Let z(t) = -t**3 + 32*t**2 - 49*t - 53. Calculate the remainder when z(17) is divided by 25.
24
Let o(w) = w**3 - 131*w**2 + 1222*w - 501. Calculate the remainder when o(121) is divided by 120.
111
Let b(c) = c + 17. Let z be b(-14). Suppose 0 = z*x - 36 - 132. Suppose 7*v + 64 = 11*v. What is the remainder when x is divided by v?
8
Let u(p) = -p**3 - 2*p**2 + 11*p + 25. Let h(o) = o**3 + 2*o**2 - 13*o - 24. Let k(b) = 3*h(b) + 4*u(b). Calculate the remainder when 233 is divided by k(-4).
33
Suppose 35*q - 30*q = -350. Let g be (-6 - 0/1)*q. What is the remainder when ((-6)/(-5) + -2)/((-4)/g) is divided by 22?
18
Suppose -11868 = -4*n - 11068. Calculate the remainder when n is divided by 27.
11
Suppose -108*k - 11060 = -136*k. What is the remainder when k is divided by 28?
3
Suppose 197*y - 121 = 4213. What is the remainder when 394 is divided by y?
20
Let p(u) = 808*u - 4547. What is the remainder when p(61) is divided by 28?
25
Suppose 0 = -2*n + 2*a + 6, -9*a + 25 = -4*a. Let c = -65086 + 65092. Calculate the remainder when n is divided by c.
2
Suppose 0 = -13*z + 10*z + 18. Let t be 1/3*(z + 0). Let b = t - -6. Calculate the remainder when 22 is divided by b.
6
Let p(m) = m**2 + 11*m - 1223. What is the remainder when 199 is divided by p(30)?
3
Suppose 3*f + 3140 = 5*u, 2*u - 203 - 1034 = 5*f. Let k = -612 + u. Calculate the remainder when 398 is divided by k.
18
Let p be (-1)/(-3) - (-52)/(-12). Let t = p - -13. Suppose 2*f + 4 = 0, -w - f - 30 = -3*w. Calculate the remainder when w is divided by t.
5
Suppose -48 = 1113*u - 1121*u. What is the remainder when 79 is divided by (8/u)/(33/594)?
7
Let h = 5242 + -2114. Calculate the remainder when h is divided by 49.
41
Let u be ((-14)/3 - -6)*54. Suppose -u*p = -69*p - 75. Calculate the remainder when 61 is divided by p.
11
Let v(g) = -2*g**3 + 235*g**2 - 112*g - 568. Suppose 7 = -4*j + 15. What is the remainder when v(117) is divided by j?
1
Suppose -2*c + 4*f = 78, -4 + 9 = f. Let q = c - -53. Calculate the remainder when 93 is divided by q.
21
Let r be 63/(-14)*(0 - (-20)/3). What is the remainder when 137 + (-4)/(-6)*r/10 is divided by 46?
43
Let l(g) = 3*g**2 + 48*g + 226. Calculate the remainder when l(-9) is divided by 3.
1
Let c(n) = -n**2 + 7*n. Let o = 35 - 30. What is the remainder when 3 - 38/12 - 109/(-6) is divided by c(o)?
8
Calculate the remainder when (-259)/84 - 13/(-156) - (-163 + 1) is divided by 92.
67
Suppose 6*p - 1054 - 1640 = 0. Let w = p + -436. Calculate the remainder when 203 is divided by w.
8
Suppose 0 = -0*k + 2*k - 28. Suppose 0 = -0*a - 2*a + 6. Suppose -106 = -a*i - 28. What is the remainder when i is divided by k?
12
What is the remainder when ((-25 - -26)*-1)/((-2)/336) is divided by 16?
8
Calculate the remainder when 223*2/(-4)*-7*2/7 is divided by 127.
96
Let j = -9 + 68. Calculate the remainder when (0/3 + -1 - -4)*(-48139)/(-273) is divided by j.
57
Suppose -140 = -2*w - 8*w. Suppose 2*f + 15*o = w*o + 5, o = 3*f. Let j(y) = 2*y**2 - 5*y + 3. What is the remainder when j(3) is divided by f?
0
Suppose -w - 5*f - 60 = -0*f, 5*f - 10 = w. Let g = -10 - w. Let h(n) = 5*n**3 + 29*n**2 - 3*n + 33. What is the remainder when h(-5) is divided by g?
23
Suppose 18 = -4*t + 10*t. Suppose 56 = t*g + g. Suppose g*v - 8*v - 180 = 0. What is the remainder when v is divided by 22?
8
Let d(b) = b**2 - 60*b + 111. Calculate the remainder when d(59) is divided by 27.
25
Suppose 3*q + 1328 = -549*s + 551*s, 3*s = -3*q + 2022. Let w(m) = m**2 + 4*m. What is the remainder when s is divided by w(-7)?
19
Suppose -37460 + 785252 = 216*y. Calculate the remainder when y is divided by 77.
74
Calculate the remainder when (6*29992/(-483))/((-5)/((-140)/(-8))) is divided by 432.
8
Suppose l = -3*k + 11 + 10, 4*l + 2*k - 34 = 0. Let d = -15 + 31. Suppose -l*a + 50 = -d. What is the remainder when 19 is divided by a?
8
Let q(l) = -2*l**2 + 199*l + 519. Calculate the remainder when 1068 is divided by q(102).
6
Let w = -8704 + 9527. Calculate the remainder when 2497 is divided by w.
28
Let v(g) = g**3 + 7*g**2 - 6*g + 20. Let p be v(-8). Suppose 2*l + w = -l - 60, p*w - 75 = 3*l. Let h = 48 + l. What is the remainder when 49 is divided by h?
22
Suppose 0 = 5*a + 3*u - 99, -2*a - 4*u = -16 - 32. Let h = -4694 + 4795. What is the remainder when h is divided by a?
11
Let x(t) = -15*t - 1. Calculate the remainder when ((-1)/(-4))/(1648348/(-65936) + 25) is divided by x(-2).
27
Calculate the remainder when (-22)/12*-18*11/1 is divided by 73.
71
Let l = -10811 - -10867. What is the remainder when 1845 is divided by l?
53
Suppose 2104*v = 2279*v - 4200. Calculate the remainder when (-2)/(169/(-167) + 1) is divided by v.
23
Let h be (-2)/6 + (-84416)/192. Let k = h - -672. Let b(a) = -9*a - 7. What is the remainder when k is divided by b(-6)?
44
Suppose 165*k - 170*k + 1120 = 0. Calculate the remainder when 1099 is divided by k.
203
Let z(l) = l + 14. Let y be z(-7). Suppose 0 = t - 15 + y. Suppose 4*o = -2*f + 322, 5*o - t - 393 = -3*f. Calculate the remainder when o is divided by 29.
24
Suppose 250 = -10*n + 15*n. Let d = 23 - 25. What is the remainder when 150 - (6 + 4/d) is divided by n?
46
Suppose -243 = -2*l - 3*v, -2*v + 5*v = -3*l + 357. Suppose 20*j = -4682 + 5322. What is the remainder when l is divided by j?
18
Let o(f) = 8*f**2 - 20*f + 153. Calculate the remainder when o(7) is divided by 136.
133
Let d(n) = -4*n - 23. Let o be d(-9). Let f(k) = -k**3 + 13*k**2 + 3. What is the remainder when (-18)/((4/(-2))/1) is divided by f(o)?
0
Let y = -563 + 687. What is the remainder when 366 is divided by y?
118
Let w(p) = p**3 - 6*p**2 - 16*p - 8. Let n be w(8). Let l(m) = -3*m - 15. Let f be l(n). Calculate the remainder when 25 is divided by (-88)/(-7) - f/(-21).
12
Let j(z) = 3*z - 17. Suppose -22*d + 2899 + 49 = 0. Calculate the remainder when d is divided by j(21).
42
Suppose -2*o - 2*o + 656 = 0. Let k = o + -98. Let d(n) = 96*n - 62. What is the remainder when d(2) is divided by k?
64
Let u(b) = -3512*b - 7018. What is the remainder when 2138 is divided by u(-2)?
2
Let n = 5598 + -5572. Calculate the remainder when 739 is divided by n.
11
Calculate the remainder when 431 is divided by (15/10)/((-12)/(-6) + (-171)/90).
11
Suppose l + m - 42 = 0, 0*m - 10 = -2*m. Suppose 10*d - 5*d = -185. Let c = d - -57. What is the remainder when l is divided by c?
17
Let t be (-2)/(-12) + 3522/36. Suppose 0*g + t = 7*g. Suppose 0 = 3*f + 4*k - 9, -2*k - 3*k = 0. Calculate the remainder when g is divided by f.
2
Let h(v) be the first derivative of 2*v**2 - 22*v - 8. Let p be h(-6). Let s = p - -63. What is the remainder when s is divided by 9?
8
Let q = 27 + -24. Suppose -2*j + q*j = -4*b + 31, -2*j + 2*b + 82 = 0. Calculate the remainder when 115 is divided by j.
37
Let h(t) = 33*t - 1093. Calculate the remainder when 764 is divided by h(40).
83
Let s(r) = r**3 + 6*r**2 + 72*r - 37 - 83*r + 38. Calculate the remainder when s(-6) is divided by 29.
9
Suppose 37*c = 18152 - 3019. Let v = c + -388. What is the remainder when 36 is divided by v?
15
Let w(f) = -91*f + 1099. Calculate the remainder when w(8) is divided by 17.
14
Suppose -380*w + 383*w - 5427 = 0. Calculate the re